{"id":63,"date":"2023-02-24T00:06:01","date_gmt":"2023-02-24T00:06:01","guid":{"rendered":"https:\/\/centromariapolis.com\/eventos\/?page_id=63"},"modified":"2023-02-24T00:06:02","modified_gmt":"2023-02-24T00:06:02","slug":"pre-reserva","status":"publish","type":"page","link":"https:\/\/centromariapolis.com\/eventos\/pre-reserva\/","title":{"rendered":"Pr\u00e9-Reserva"},"content":{"rendered":"<div class=\"wpforms-container wpforms-container-full wpforms-block\" id=\"wpforms-54\"><form id=\"wpforms-form-54\" class=\"wpforms-validate wpforms-form wpforms-ajax-form\" data-formid=\"54\" method=\"post\" enctype=\"multipart\/form-data\" action=\"\/eventos\/wp-json\/wp\/v2\/pages\/63\" data-token=\"39c539693eca9ec7dc2669551ba8cce6\" data-token-time=\"1777743729\"><noscript class=\"wpforms-error-noscript\">Ative o JavaScript no seu navegador para preencher este formul\u00e1rio.<\/noscript><div class=\"wpforms-field-container\"><div id=\"wpforms-54-field_1-container\" class=\"wpforms-field wpforms-field-name\" data-field-id=\"1\"><label class=\"wpforms-field-label\">Nome <span class=\"wpforms-required-label\">*<\/span><\/label><div class=\"wpforms-field-row wpforms-field-medium\"><div class=\"wpforms-field-row-block wpforms-first wpforms-one-half\"><input type=\"text\" id=\"wpforms-54-field_1\" class=\"wpforms-field-name-first wpforms-field-required\" name=\"wpforms[fields][1][first]\" required><label for=\"wpforms-54-field_1\" class=\"wpforms-field-sublabel after\">Nome<\/label><\/div><div class=\"wpforms-field-row-block wpforms-one-half\"><input type=\"text\" id=\"wpforms-54-field_1-last\" class=\"wpforms-field-name-last wpforms-field-required\" name=\"wpforms[fields][1][last]\" required><label for=\"wpforms-54-field_1-last\" class=\"wpforms-field-sublabel after\">Sobrenome<\/label><\/div><\/div><\/div><div id=\"wpforms-54-field_16-container\" class=\"wpforms-field wpforms-field-text\" data-field-id=\"16\"><label class=\"wpforms-field-label\" for=\"wpforms-54-field_16\">Seu telefone<\/label><input type=\"text\" id=\"wpforms-54-field_16\" class=\"wpforms-field-medium\" name=\"wpforms[fields][16]\" ><\/div><div id=\"wpforms-54-field_2-container\" class=\"wpforms-field wpforms-field-email\" data-field-id=\"2\"><label class=\"wpforms-field-label\" for=\"wpforms-54-field_2\">E-mail <span class=\"wpforms-required-label\">*<\/span><\/label><input type=\"email\" id=\"wpforms-54-field_2\" class=\"wpforms-field-medium wpforms-field-required\" name=\"wpforms[fields][2]\" spellcheck=\"false\" required><\/div><div id=\"wpforms-54-field_9-container\" class=\"wpforms-field wpforms-field-text\" data-field-id=\"9\"><label class=\"wpforms-field-label\" for=\"wpforms-54-field_9\">Nome do Evento<\/label><input type=\"text\" id=\"wpforms-54-field_9\" class=\"wpforms-field-medium\" name=\"wpforms[fields][9]\" ><\/div><div id=\"wpforms-54-field_8-container\" class=\"wpforms-field wpforms-field-radio\" data-field-id=\"8\"><label class=\"wpforms-field-label\">Qual o tipo de evento? <span class=\"wpforms-required-label\">*<\/span><\/label><ul id=\"wpforms-54-field_8\" class=\"wpforms-field-required\"><li class=\"choice-1 depth-1\"><input type=\"radio\" id=\"wpforms-54-field_8_1\" name=\"wpforms[fields][8]\" value=\"Evento Social\" required ><label class=\"wpforms-field-label-inline\" for=\"wpforms-54-field_8_1\">Evento Social<\/label><\/li><li class=\"choice-2 depth-1\"><input type=\"radio\" id=\"wpforms-54-field_8_2\" name=\"wpforms[fields][8]\" value=\"Evento corporativo\" required ><label class=\"wpforms-field-label-inline\" for=\"wpforms-54-field_8_2\">Evento corporativo<\/label><\/li><li class=\"choice-3 depth-1\"><input type=\"radio\" id=\"wpforms-54-field_8_3\" name=\"wpforms[fields][8]\" value=\"Evento Espiritual\" required ><label class=\"wpforms-field-label-inline\" for=\"wpforms-54-field_8_3\">Evento Espiritual<\/label><\/li><\/ul><\/div><div id=\"wpforms-54-field_10-container\" class=\"wpforms-field wpforms-field-number-slider\" data-field-id=\"10\"><label class=\"wpforms-field-label\" for=\"wpforms-54-field_10\">Quantidade de pessoas previstas<\/label>\n<input\n\ttype=\"range\"\n\tid=\"wpforms-54-field_10\" class=\"wpforms-field-medium\" name=\"wpforms[fields][10]\" value=\"40\"\t\tmin=\"40\"\n\tmax=\"250\"\n\tstep=\"1\">\n\n<div class=\"wpforms-field-number-slider-hint\"\n\tdata-hint=\"Valor selecionado: {value}\">\n\tValor selecionado: <b>40<\/b><\/div>\n<div class=\"wpforms-field-description\">arraste o bot\u00e3o acima, de 40 a 250 pessoas<\/div><\/div><div id=\"wpforms-54-field_5-container\" class=\"wpforms-field wpforms-field-radio\" data-field-id=\"5\"><label class=\"wpforms-field-label\">Todos ir\u00e3o perneitoar? <span class=\"wpforms-required-label\">*<\/span><\/label><ul id=\"wpforms-54-field_5\" class=\"wpforms-field-required\"><li class=\"choice-1 depth-1\"><input type=\"radio\" id=\"wpforms-54-field_5_1\" name=\"wpforms[fields][5]\" value=\"Sim\" required ><label class=\"wpforms-field-label-inline\" for=\"wpforms-54-field_5_1\">Sim<\/label><\/li><li class=\"choice-2 depth-1\"><input type=\"radio\" id=\"wpforms-54-field_5_2\" name=\"wpforms[fields][5]\" value=\"N\u00e3o\" required ><label class=\"wpforms-field-label-inline\" for=\"wpforms-54-field_5_2\">N\u00e3o<\/label><\/li><\/ul><\/div><div id=\"wpforms-54-field_4-container\" class=\"wpforms-field wpforms-field-checkbox\" data-field-id=\"4\"><label class=\"wpforms-field-label\">Fornecemos alimenta\u00e7\u00e3o completa, quais refe\u00e7\u00f5es voc\u00ea gostaria de contratar? <span class=\"wpforms-required-label\">*<\/span><\/label><ul id=\"wpforms-54-field_4\" class=\"wpforms-field-required\"><li class=\"choice-1 depth-1\"><input type=\"checkbox\" id=\"wpforms-54-field_4_1\" name=\"wpforms[fields][4][]\" value=\"caf\u00e9 da manh\u00e3\" required ><label class=\"wpforms-field-label-inline\" for=\"wpforms-54-field_4_1\">caf\u00e9 da manh\u00e3<\/label><\/li><li class=\"choice-2 depth-1\"><input type=\"checkbox\" id=\"wpforms-54-field_4_2\" name=\"wpforms[fields][4][]\" value=\"lanche da manh\u00e3\" required ><label class=\"wpforms-field-label-inline\" for=\"wpforms-54-field_4_2\">lanche da manh\u00e3<\/label><\/li><li class=\"choice-3 depth-1\"><input type=\"checkbox\" id=\"wpforms-54-field_4_3\" name=\"wpforms[fields][4][]\" value=\"almo\u00e7o\" required ><label class=\"wpforms-field-label-inline\" for=\"wpforms-54-field_4_3\">almo\u00e7o<\/label><\/li><li class=\"choice-4 depth-1\"><input type=\"checkbox\" id=\"wpforms-54-field_4_4\" name=\"wpforms[fields][4][]\" value=\"lanche da tarde\" required ><label class=\"wpforms-field-label-inline\" for=\"wpforms-54-field_4_4\">lanche da tarde<\/label><\/li><li class=\"choice-5 depth-1\"><input type=\"checkbox\" id=\"wpforms-54-field_4_5\" name=\"wpforms[fields][4][]\" value=\"jantar\" required ><label class=\"wpforms-field-label-inline\" for=\"wpforms-54-field_4_5\">jantar<\/label><\/li><\/ul><\/div><div id=\"wpforms-54-field_7-container\" class=\"wpforms-field wpforms-field-textarea\" data-field-id=\"7\"><label class=\"wpforms-field-label\" for=\"wpforms-54-field_7\">Coment\u00e1rios<\/label><textarea id=\"wpforms-54-field_7\" class=\"wpforms-field-medium\" name=\"wpforms[fields][7]\" ><\/textarea><div class=\"wpforms-field-description\">Descreva tudo o que n\u00e3o estava previsto no formu\u00e1rio acima.\r\nCaso necess\u00e1rio fale pelo bot\u00e3o de WhatsApp ao lado<\/div><\/div><div id=\"wpforms-54-field_12-container\" class=\"wpforms-field wpforms-field-select wpforms-field-select-style-classic\" data-field-id=\"12\"><label class=\"wpforms-field-label\" for=\"wpforms-54-field_12\">Dia de in\u00edcio<\/label><select id=\"wpforms-54-field_12\" class=\"wpforms-field-small\" name=\"wpforms[fields][12]\"><option value=\"01\" >01<\/option><option value=\"02\" >02<\/option><option value=\"03\" >03<\/option><option value=\"04\" >04<\/option><option value=\"05\" >05<\/option><option value=\"06\" >06<\/option><option value=\"07\" >07<\/option><option value=\"08\" >08<\/option><option value=\"09\" >09<\/option><option value=\"10\" >10<\/option><option value=\"11\" >11<\/option><option value=\"12\" >12<\/option><option value=\"13\" >13<\/option><option value=\"14\" >14<\/option><option value=\"15\" >15<\/option><option value=\"16\" >16<\/option><option value=\"17\" >17<\/option><option value=\"18\" >18<\/option><option value=\"19\" >19<\/option><option value=\"20\" >20<\/option><option value=\"21\" >21<\/option><option value=\"22\" >22<\/option><option value=\"23\" >23<\/option><option value=\"24\" >24<\/option><option value=\"25\" >25<\/option><option value=\"26\" >26<\/option><option value=\"27\" >27<\/option><option value=\"28\" >28<\/option><option value=\"29\" >29<\/option><option value=\"30\" >30<\/option><option value=\"31\" >31<\/option><\/select><\/div><div id=\"wpforms-54-field_14-container\" class=\"wpforms-field wpforms-field-select wpforms-field-select-style-classic\" data-field-id=\"14\"><label class=\"wpforms-field-label\" for=\"wpforms-54-field_14\">M\u00eas<\/label><select id=\"wpforms-54-field_14\" class=\"wpforms-field-small\" name=\"wpforms[fields][14]\"><option value=\"01\" >01<\/option><option value=\"02\" >02<\/option><option value=\"03\" >03<\/option><option value=\"04\" >04<\/option><option value=\"05\" >05<\/option><option value=\"06\" >06<\/option><option value=\"07\" >07<\/option><option value=\"08\" >08<\/option><option value=\"09\" >09<\/option><option value=\"10\" >10<\/option><option value=\"11\" >11<\/option><option value=\"12\" >12<\/option><\/select><\/div><div id=\"wpforms-54-field_13-container\" class=\"wpforms-field wpforms-field-select wpforms-field-select-style-classic\" data-field-id=\"13\"><label class=\"wpforms-field-label\" for=\"wpforms-54-field_13\">Dia final<\/label><select id=\"wpforms-54-field_13\" class=\"wpforms-field-small\" name=\"wpforms[fields][13]\"><option value=\"01\" >01<\/option><option value=\"02\" >02<\/option><option value=\"03\" >03<\/option><option value=\"04\" >04<\/option><option value=\"05\" >05<\/option><option value=\"06\" >06<\/option><option value=\"07\" >07<\/option><option value=\"08\" >08<\/option><option value=\"09\" >09<\/option><option value=\"10\" >10<\/option><option value=\"11\" >11<\/option><option value=\"12\" >12<\/option><option value=\"13\" >13<\/option><option value=\"14\" >14<\/option><option value=\"15\" >15<\/option><option value=\"16\" >16<\/option><option value=\"17\" >17<\/option><option value=\"18\" >18<\/option><option value=\"19\" >19<\/option><option value=\"20\" >20<\/option><option value=\"21\" >21<\/option><option value=\"22\" >22<\/option><option value=\"23\" >23<\/option><option value=\"24\" >24<\/option><option value=\"25\" >25<\/option><option value=\"26\" >26<\/option><option value=\"27\" >27<\/option><option value=\"28\" >28<\/option><option value=\"29\" >29<\/option><option value=\"30\" >30<\/option><option value=\"31\" >31<\/option><\/select><\/div><div id=\"wpforms-54-field_15-container\" class=\"wpforms-field wpforms-field-select wpforms-field-select-style-classic\" data-field-id=\"15\"><label class=\"wpforms-field-label\" for=\"wpforms-54-field_15\">M\u00eas<\/label><select id=\"wpforms-54-field_15\" class=\"wpforms-field-small\" name=\"wpforms[fields][15]\"><option value=\"01\" >01<\/option><option value=\"02\" >02<\/option><option value=\"03\" >03<\/option><option value=\"04\" >04<\/option><option value=\"05\" >05<\/option><option value=\"06\" >06<\/option><option value=\"07\" >07<\/option><option value=\"08\" >08<\/option><option value=\"09\" >09<\/option><option value=\"10\" >10<\/option><option value=\"11\" >11<\/option><option value=\"12\" >12<\/option><\/select><\/div><\/div><!-- .wpforms-field-container --><div class=\"wpforms-submit-container\" ><input type=\"hidden\" name=\"wpforms[id]\" value=\"54\"><input type=\"hidden\" name=\"page_title\" value=\"\"><input type=\"hidden\" name=\"page_url\" value=\"https:\/\/centromariapolis.com\/eventos\/wp-json\/wp\/v2\/pages\/63\"><button type=\"submit\" name=\"wpforms[submit]\" id=\"wpforms-submit-54\" class=\"wpforms-submit\" data-alt-text=\"Enviando....\" data-submit-text=\"Enviar\" aria-live=\"assertive\" value=\"wpforms-submit\">Enviar<\/button><img decoding=\"async\" src=\"https:\/\/centromariapolis.com\/eventos\/wp-content\/plugins\/wpforms-lite\/assets\/images\/submit-spin.svg\" class=\"wpforms-submit-spinner\" style=\"display: none;\" width=\"26\" height=\"26\" alt=\"Carregando\"><\/div><\/form><\/div>  <!-- .wpforms-container -->","protected":false},"excerpt":{"rendered":"","protected":false},"author":1,"featured_media":0,"parent":0,"menu_order":0,"comment_status":"closed","ping_status":"open","template":"","meta":{"footnotes":""},"class_list":["post-63","page","type-page","status-publish","hentry"],"yoast_head":"<!-- This site is optimized with the Yoast SEO plugin v27.2 - https:\/\/yoast.com\/product\/yoast-seo-wordpress\/ -->\n<title>Pr\u00e9-Reserva - Centro de Eventos Mari\u00e1polis<\/title>\n<meta name=\"robots\" content=\"index, follow, max-snippet:-1, max-image-preview:large, max-video-preview:-1\" \/>\n<link rel=\"canonical\" href=\"https:\/\/centromariapolis.com\/eventos\/pre-reserva\/\" \/>\n<meta property=\"og:locale\" content=\"pt_BR\" \/>\n<meta property=\"og:type\" content=\"article\" \/>\n<meta property=\"og:title\" content=\"Pr\u00e9-Reserva - Centro de Eventos Mari\u00e1polis\" \/>\n<meta property=\"og:url\" content=\"https:\/\/centromariapolis.com\/eventos\/pre-reserva\/\" \/>\n<meta property=\"og:site_name\" content=\"Centro de Eventos Mari\u00e1polis\" \/>\n<meta property=\"article:modified_time\" content=\"2023-02-24T00:06:02+00:00\" \/>\n<meta name=\"twitter:card\" content=\"summary_large_image\" \/>\n<script type=\"application\/ld+json\" class=\"yoast-schema-graph\">{\"@context\":\"https:\/\/schema.org\",\"@graph\":[{\"@type\":\"WebPage\",\"@id\":\"https:\/\/centromariapolis.com\/eventos\/pre-reserva\/\",\"url\":\"https:\/\/centromariapolis.com\/eventos\/pre-reserva\/\",\"name\":\"Pr\u00e9-Reserva - Centro de Eventos Mari\u00e1polis\",\"isPartOf\":{\"@id\":\"https:\/\/centromariapolis.com\/eventos\/#website\"},\"datePublished\":\"2023-02-24T00:06:01+00:00\",\"dateModified\":\"2023-02-24T00:06:02+00:00\",\"breadcrumb\":{\"@id\":\"https:\/\/centromariapolis.com\/eventos\/pre-reserva\/#breadcrumb\"},\"inLanguage\":\"pt-BR\",\"potentialAction\":[{\"@type\":\"ReadAction\",\"target\":[\"https:\/\/centromariapolis.com\/eventos\/pre-reserva\/\"]}]},{\"@type\":\"BreadcrumbList\",\"@id\":\"https:\/\/centromariapolis.com\/eventos\/pre-reserva\/#breadcrumb\",\"itemListElement\":[{\"@type\":\"ListItem\",\"position\":1,\"name\":\"Home\",\"item\":\"https:\/\/centromariapolis.com\/eventos\/\"},{\"@type\":\"ListItem\",\"position\":2,\"name\":\"Pr\u00e9-Reserva\"}]},{\"@type\":\"WebSite\",\"@id\":\"https:\/\/centromariapolis.com\/eventos\/#website\",\"url\":\"https:\/\/centromariapolis.com\/eventos\/\",\"name\":\"Centro de Eventos Mari\u00e1polis\",\"description\":\"Centro de Eventos\",\"publisher\":{\"@id\":\"https:\/\/centromariapolis.com\/eventos\/#organization\"},\"potentialAction\":[{\"@type\":\"SearchAction\",\"target\":{\"@type\":\"EntryPoint\",\"urlTemplate\":\"https:\/\/centromariapolis.com\/eventos\/?s={search_term_string}\"},\"query-input\":{\"@type\":\"PropertyValueSpecification\",\"valueRequired\":true,\"valueName\":\"search_term_string\"}}],\"inLanguage\":\"pt-BR\"},{\"@type\":\"Organization\",\"@id\":\"https:\/\/centromariapolis.com\/eventos\/#organization\",\"name\":\"Centro de Eventos Mari\u00e1polis\",\"url\":\"https:\/\/centromariapolis.com\/eventos\/\",\"logo\":{\"@type\":\"ImageObject\",\"inLanguage\":\"pt-BR\",\"@id\":\"https:\/\/centromariapolis.com\/eventos\/#\/schema\/logo\/image\/\",\"url\":\"https:\/\/centromariapolis.com\/eventos\/wp-content\/uploads\/2023\/02\/cropped-focolare_portoghese_RGB.png\",\"contentUrl\":\"https:\/\/centromariapolis.com\/eventos\/wp-content\/uploads\/2023\/02\/cropped-focolare_portoghese_RGB.png\",\"width\":1023,\"height\":682,\"caption\":\"Centro de Eventos Mari\u00e1polis\"},\"image\":{\"@id\":\"https:\/\/centromariapolis.com\/eventos\/#\/schema\/logo\/image\/\"}}]}<\/script>\n<!-- \/ Yoast SEO plugin. -->","yoast_head_json":{"title":"Pr\u00e9-Reserva - Centro de Eventos Mari\u00e1polis","robots":{"index":"index","follow":"follow","max-snippet":"max-snippet:-1","max-image-preview":"max-image-preview:large","max-video-preview":"max-video-preview:-1"},"canonical":"https:\/\/centromariapolis.com\/eventos\/pre-reserva\/","og_locale":"pt_BR","og_type":"article","og_title":"Pr\u00e9-Reserva - Centro de Eventos Mari\u00e1polis","og_url":"https:\/\/centromariapolis.com\/eventos\/pre-reserva\/","og_site_name":"Centro de Eventos Mari\u00e1polis","article_modified_time":"2023-02-24T00:06:02+00:00","twitter_card":"summary_large_image","schema":{"@context":"https:\/\/schema.org","@graph":[{"@type":"WebPage","@id":"https:\/\/centromariapolis.com\/eventos\/pre-reserva\/","url":"https:\/\/centromariapolis.com\/eventos\/pre-reserva\/","name":"Pr\u00e9-Reserva - Centro de Eventos Mari\u00e1polis","isPartOf":{"@id":"https:\/\/centromariapolis.com\/eventos\/#website"},"datePublished":"2023-02-24T00:06:01+00:00","dateModified":"2023-02-24T00:06:02+00:00","breadcrumb":{"@id":"https:\/\/centromariapolis.com\/eventos\/pre-reserva\/#breadcrumb"},"inLanguage":"pt-BR","potentialAction":[{"@type":"ReadAction","target":["https:\/\/centromariapolis.com\/eventos\/pre-reserva\/"]}]},{"@type":"BreadcrumbList","@id":"https:\/\/centromariapolis.com\/eventos\/pre-reserva\/#breadcrumb","itemListElement":[{"@type":"ListItem","position":1,"name":"Home","item":"https:\/\/centromariapolis.com\/eventos\/"},{"@type":"ListItem","position":2,"name":"Pr\u00e9-Reserva"}]},{"@type":"WebSite","@id":"https:\/\/centromariapolis.com\/eventos\/#website","url":"https:\/\/centromariapolis.com\/eventos\/","name":"Centro de Eventos Mari\u00e1polis","description":"Centro de Eventos","publisher":{"@id":"https:\/\/centromariapolis.com\/eventos\/#organization"},"potentialAction":[{"@type":"SearchAction","target":{"@type":"EntryPoint","urlTemplate":"https:\/\/centromariapolis.com\/eventos\/?s={search_term_string}"},"query-input":{"@type":"PropertyValueSpecification","valueRequired":true,"valueName":"search_term_string"}}],"inLanguage":"pt-BR"},{"@type":"Organization","@id":"https:\/\/centromariapolis.com\/eventos\/#organization","name":"Centro de Eventos Mari\u00e1polis","url":"https:\/\/centromariapolis.com\/eventos\/","logo":{"@type":"ImageObject","inLanguage":"pt-BR","@id":"https:\/\/centromariapolis.com\/eventos\/#\/schema\/logo\/image\/","url":"https:\/\/centromariapolis.com\/eventos\/wp-content\/uploads\/2023\/02\/cropped-focolare_portoghese_RGB.png","contentUrl":"https:\/\/centromariapolis.com\/eventos\/wp-content\/uploads\/2023\/02\/cropped-focolare_portoghese_RGB.png","width":1023,"height":682,"caption":"Centro de Eventos Mari\u00e1polis"},"image":{"@id":"https:\/\/centromariapolis.com\/eventos\/#\/schema\/logo\/image\/"}}]}},"_links":{"self":[{"href":"https:\/\/centromariapolis.com\/eventos\/wp-json\/wp\/v2\/pages\/63","targetHints":{"allow":["GET"]}}],"collection":[{"href":"https:\/\/centromariapolis.com\/eventos\/wp-json\/wp\/v2\/pages"}],"about":[{"href":"https:\/\/centromariapolis.com\/eventos\/wp-json\/wp\/v2\/types\/page"}],"author":[{"embeddable":true,"href":"https:\/\/centromariapolis.com\/eventos\/wp-json\/wp\/v2\/users\/1"}],"replies":[{"embeddable":true,"href":"https:\/\/centromariapolis.com\/eventos\/wp-json\/wp\/v2\/comments?post=63"}],"version-history":[{"count":1,"href":"https:\/\/centromariapolis.com\/eventos\/wp-json\/wp\/v2\/pages\/63\/revisions"}],"predecessor-version":[{"id":64,"href":"https:\/\/centromariapolis.com\/eventos\/wp-json\/wp\/v2\/pages\/63\/revisions\/64"}],"wp:attachment":[{"href":"https:\/\/centromariapolis.com\/eventos\/wp-json\/wp\/v2\/media?parent=63"}],"curies":[{"name":"wp","href":"https:\/\/api.w.org\/{rel}","templated":true}]}}